h(17). What are the prime factors of l/(-13) - (-1731)/13?
7, 19
Suppose 0 = -11*c + 12*c + 78. Let q = 268 + c. List the prime factors of q.
2, 5, 19
Let p = 50 + -50. Suppose u = -p*u + 48. List the prime factors of u.
2, 3
Let k(t) = -2*t**3 + 41*t**2 - 7*t + 26. What are the prime factors of k(20)?
2, 11, 13
Suppose 5*o - 425 = 4*t, -6*o = -3*o - 15. What are the prime factors of (-130)/4*320/t?
2, 13
Let r(b) = -b**2 + 17*b - 14. Let h be r(6). Suppose 0 = h*k - 47*k - 335. What are the prime factors of k?
67
List the prime factors of (-6)/9 + 2 - 43080/(-36).
2, 599
Suppose d - 5*d + 1356 = 0. Suppose 5*q - r - d = 0, 134 = 3*q - q - 2*r. List the prime factors of q.
2, 17
Let c = 2 - 2. Suppose c = 4*f - 2*f - 8. Suppose 7*d - 90 = 2*d - f*n, n - 105 = -5*d. List the prime factors of d.
2, 11
Suppose -2*a = -0*a - 0*a. Suppose -3*o + 2*o + 25 = 0. Suppose i = -a*i + o. List the prime factors of i.
5
Suppose 6 = -3*y, y = -5*k + 1735 + 1203. What are the prime factors of k?
2, 3, 7
Let t be 0/(2/(8/(-12))). Suppose t = 2*p - 8. What are the prime factors of 10*p/8*2?
2, 5
Suppose 6*s = 4*s - 94. Let d = -36 - s. What are the prime factors of d?
11
Suppose -v - v = -10. Suppose 7*f - v = 2*f. Let r(n) = 18*n + 1. What are the prime factors of r(f)?
19
Suppose 3*g - 8*g + 10 = 0. Suppose 0 = -g*b + 2*f + 196, -2*f - 57 + 245 = 2*b. List the prime factors of b.
2, 3
Suppose 0 = -4*h + 3*o + 6957, 5*o - 2140 = -5*h + 6530. What are the prime factors of h?
3, 193
Suppose 3*q + 4*a = 7673, -4*q + 11*a + 10268 = 7*a. What are the prime factors of q?
11, 233
Let b(c) be the third derivative of -c**6/120 - 7*c**5/30 + c**4/2 + 11*c**3/6 + 4*c**2. What are the prime factors of b(-15)?
2, 7
Let z(q) = -q**3 - 11*q**2 + q + 1. Let n be z(-11). Let j = n - -26. What are the prime factors of j?
2
Let n(d) = -d - 10. Let p be n(-12). Let k be 1528/72 - p/9. Suppose 5*c = 2*c + k. What are the prime factors of c?
7
What are the prime factors of 2 - -24 - -4 - 6 - 0?
2, 3
What are the prime factors of -72*(222/72)/(2/(-18))?
2, 3, 37
Let f(l) = -7*l - 5. Let p be f(-3). Suppose -471 = 13*h - p*h. What are the prime factors of h?
157
Suppose j - 3*j - 4 = 0. Let w = j - -8. Suppose -w*i + 32 = -4*i. List the prime factors of i.
2
Let k be ((-5)/(-2))/((-4)/(-8)). Suppose 0 = -5*u - s - s - 7, -k*u - 5*s = -5. List the prime factors of (-4 - u) + 23 + -1.
3, 7
Suppose 4*r + 810 = 6*r - n, -4*r + 1640 = 3*n. What are the prime factors of r?
11, 37
Suppose -3*d + 2917 = 151. Suppose 11*n - d = 904. List the prime factors of n.
2, 83
Let q(x) = 2*x**2 - 2*x + 1165. What are the prime factors of q(0)?
5, 233
Suppose -2*c + 5 = -4*w - c, 2*w + 3*c - 15 = 0. List the prime factors of -3 + w + (-5 - -55).
47
Suppose -4*u + 28 = 3*b, -2*b + 4 = u - 2*u. Let y(i) = i**3 + i**2 + 2*i - 5. List the prime factors of y(u).
83
Let x(r) = -r**3 - 7*r**2 - 8*r - 14. Let u be x(-6). List the prime factors of ((-24)/16)/(1/72*u).
2, 3
Let c be (2 + (-1 - 2))*(-8 + 1). Suppose 65 = c*w - 5. List the prime factors of w.
2, 5
Let x(m) = m**3 + 7*m**2 - 7*m - 7. Let i be x(-8). Let u = i - -19. Let b = u - -10. What are the prime factors of b?
2, 7
Suppose -12 = -3*o, 2*o - 160 = -5*m + m. Suppose m*y - 96 = 36*y. List the prime factors of y.
2, 3
Let d(j) = j**2 - j + 1. Let n(i) = -i**2 + 4*i - 23. Let o(h) = 2*d(h) + n(h). List the prime factors of o(11).
2, 61
What are the prime factors of (((-320)/6)/(-16))/((-2)/(-453))?
5, 151
Suppose 2*x - 2942 = -4*p, -5*x + 1748 = -2*p - 5643. What are the prime factors of x?
7, 211
What are the prime factors of 5*(-6)/(-30) + 207?
2, 13
Suppose 2675 = 2*c + k, -2*c = -4*c - 4*k + 2690. List the prime factors of c.
3, 5, 89
Let o = -15 - -15. Suppose v - 2*p - 151 = o, -2*p + 612 = 4*v - 6*p. List the prime factors of v.
5, 31
Let o = -37 + 43. List the prime factors of (-9 + 0)*2/(o/(-41)).
3, 41
Let w(o) = -o**3 + 15*o**2 - 30*o + 3. Let h be w(12). Let d = 76 + h. List the prime factors of d.
151
Let a(c) = 3*c**3 - c**2 - c. Let g be a(2). Suppose -5*d - 7 = g. What are the prime factors of ((-3)/d)/((-12)/(-120))?
2, 3
Suppose 41 = r + 3*r + 3*q, 0 = -4*r + q + 29. Let c = -12 + r. Let g(m) = -m**3 - 2*m**2 + m + 1. What are the prime factors of g(c)?
29
Suppose -4*t = 3*h - 17, -16 = -2*t - 4*h - 0*h. Suppose f = s - 35, -t*f + 52 - 159 = -3*s. What are the prime factors of s?
37
Let g(s) = s**3 + 18*s**2 + 8*s - 2. What are the prime factors of g(-12)?
2, 383
Let b = -5 + 353. What are the prime factors of b?
2, 3, 29
Suppose 3*n = -2 - 10. What are the prime factors of 4/((-32)/n) - (-430)/4?
2, 3
Let w(y) = -154*y - 81. What are the prime factors of w(-27)?
3, 151
Suppose 5566 - 36090 = -13*b. What are the prime factors of b?
2, 587
Let i = 281 - 177. Suppose -g = -3*p + 674, -4*g - 362 = -2*p + i. List the prime factors of p.
223
Let a = 749 + -422. What are the prime factors of a?
3, 109
Suppose -4*o = -o + 3*l - 132, 2*o + 4*l = 88. Suppose -2*n + o = 6. What are the prime factors of n?
19
Suppose 1243 = -3*g + 4936. List the prime factors of g.
1231
Let d be 72/15 - (-4)/20. Suppose d*l = 8 + 107. Suppose -4*k + l = 7. List the prime factors of k.
2
What are the prime factors of (-2)/(-5) - 6/20*-272?
2, 41
Suppose 16 + 3057 = 7*c. What are the prime factors of c?
439
Let g = -12 - -12. Let m(w) = 3*w**2 + 4 - w**2 + 3*w**2 + w**3 - 4*w + g*w**2. What are the prime factors of m(-5)?
2, 3
Let h(b) = 27*b**3 + 2*b**2 - 2*b + 3. List the prime factors of h(3).
2, 3, 31
Suppose -6*c - 130 = -7*c. Suppose 2*x = 12*x - c. What are the prime factors of x?
13
Suppose -2 = -2*d, m = 5*m - 5*d + 33. Let z(i) = 22*i - 12*i - i**2 - 18*i - 4. What are the prime factors of z(m)?
3
Let s(i) = 22*i + 2399. What are the prime factors of s(0)?
2399
Let o be 2/(-8) + 1/4. Suppose -5*r = -o*r + 260. Let y = r + 88. List the prime factors of y.
2, 3
Let w(f) = 2*f**2 + 2 + 0*f**2 + f - 3 - 3*f**2 + 130*f**3. List the prime factors of w(1).
3, 43
Let v be (1/1)/(12/72). Suppose v*l - 4*l - 10 = 0. Suppose 2*k = 29 - l. What are the prime factors of k?
2, 3
Let j(q) = q**3 + 6*q**2 - q - 3. Let o be j(-6). Suppose -2*m = o*b - 6, 0*m - 5 = -5*m - 5*b. List the prime factors of (-5 - m)*68/(-8).
17
Suppose -5*w + 824 = c, -w - 8 = -4*c - 156. Let f = -111 + w. List the prime factors of f.
53
Suppose 2*p + 2*p = -4. List the prime factors of (-17)/(p*3/6).
2, 17
Let p(y) = -y - 16*y + 15*y**2 - 16*y**2 - 8. Let j be p(-10). Suppose -2*h + 0 = -3*v + 29, -4*v - 2*h = -j. What are the prime factors of v?
13
Let n = 11 - 8. Suppose 0 = -2*t + n*t - 70. Let c = t - 42. What are the prime factors of c?
2, 7
Suppose 54*g - 61268 = 31504. List the prime factors of g.
2, 859
Let i(w) be the first derivative of -2*w**3/3 - w**2/2 - 3*w - 6. Let p be i(-2). List the prime factors of (-11)/(1 + p/6).
2, 11
List the prime factors of 4524 + 100 - (9 - 0).
5, 13, 71
Let l(n) = -2*n + 11 + 10 + 12 - 10. Let o be l(7). Suppose -4*s + 30 = 3*v, 3*s - o = -4*v + 38. What are the prime factors of v?
2, 7
List the prime factors of 4/(-26) - (-1365250)/1118.
3, 11, 37
Let g be 5 - (-3 + (-44)/(-4)). Let x(u) = -6*u**3 - 6*u**2 + 6*u + 7. What are the prime factors of x(g)?
97
Let a be ((-36)/(-21))/((-4)/28). What are the prime factors of (15/(-6))/(3/a)?
2, 5
Suppose 3*u + 26 = 4*b - 27, -u - 14 = -b. Let k = 14 - b. Suppose -2*y - 28 = -k*y. List the prime factors of y.
2, 7
Suppose -7*m + 5*t = -3*m - 128, -20 = 5*t. List the prime factors of m.
3
Let q = 331 - 43. What are the prime factors of q?
2, 3
List the prime factors of (238 - (-1)/(-1))*6/9.
2, 79
Let c be (-2)/(4 - 6) + 6. What are the prime factors of c/((-70)/(-15))*172/6?
43
Suppose 4*w + 20 = 9*w. Suppose 0*b + b = w*l - 109, 3*b = -4*l + 121. What are the prime factors of l?
2, 7
Suppose -11 = 2*d + 5. What are the prime factors of 2 + 14/d - 2764/(-16)?
173
Let p = -30 - -45. What are the prime factors of (-2)/3 + 1465/p + -3?
2, 47
Suppose -4*x + 3*c + 11 = -6, 0 = -x - 4*c - 10. Suppose -32 = -z - 5*s, -2*z + s = 3*s - 24. Let r = x + z. What are the prime factors of r?
3
Let n be 3 + -8 + 2 + 3. Suppose -2*a - z + 113 = -n*z, 44 = a + 3*z. Let q = a + -41. What are the prime factors of q?
